{"id":359,"date":"2020-10-31T11:30:20","date_gmt":"2020-10-31T10:30:20","guid":{"rendered":"http:\/\/gemmaromeu.com\/?page_id=359"},"modified":"2026-01-20T18:11:59","modified_gmt":"2026-01-20T17:11:59","slug":"servicios","status":"publish","type":"page","link":"https:\/\/gemmaromeu.com\/index.php\/es\/servicios\/","title":{"rendered":"Servicios"},"content":{"rendered":"<p>Un texto pobre, mal planteado o con problemas de cohesi\u00f3n y faltas de ortograf\u00eda puede hacerte <strong>perder a lectores y clientes<\/strong>.<\/p>\n<p>Escribir supone mostrar <strong>autoridad<\/strong> y <strong>credibilidad<\/strong> en tu mensaje, sea como <strong>escritor\/a<\/strong> o como <strong>marca<\/strong> o <strong>empresa<\/strong>. Del mismo modo, captar el <strong>inter\u00e9s<\/strong> de los lectores puede traducirse en <strong>ventas<\/strong> y <strong>resultados<\/strong>.<\/p>\n<p>Si buscas una profesional de este \u00e1mbito, has venido al sitio adecuado. Puedo ayudarte a asegurar la calidad de tus textos gracias a una <strong>visi\u00f3n profesional<\/strong>, <strong>rigor ling\u00fc\u00edstico<\/strong> y un <strong>conocimiento profundo<\/strong> del catal\u00e1n y el castellano.<\/p>\n<p>Con este objetivo,<strong> ofrezco servicios ling\u00fc\u00edsticos y editoriales<\/strong>. Se dirigen a editoriales, agencias de traducci\u00f3n y empresas de servicios ling\u00fc\u00edsticos, pero tambi\u00e9n a particulares, autores y autoras independientes (para autopublicaci\u00f3n o autoedici\u00f3n), estudiantes con trabajos acad\u00e9micos, blogs, revistas y publicaciones digitales, p\u00e1ginas web, redes sociales y empresas de comercio electr\u00f3nico.<\/p>\n<p>\u00a1A continuaci\u00f3n, te los explico con m\u00e1s detalle!<\/p>\n<p>&nbsp;<\/p>\n<div class=\"wrc-column-grid wrc-column-grid-4\">\n<div  class=\"wrc-column wrc-column-width-1 wrc-column-start\" >\n<p><a href=\"https:\/\/gemmaromeu.com\/index.php\/es\/correccion\/\" rel=\"attachment wp-att-805\"><img loading=\"lazy\" decoding=\"async\" class=\"aligncenter size-medium wp-image-805\" src=\"http:\/\/gemmaromeu.com\/wp-content\/uploads\/2024\/01\/Correccion-300x165.png\" alt=\"\" width=\"300\" height=\"165\" srcset=\"https:\/\/gemmaromeu.com\/wp-content\/uploads\/2024\/01\/Correccion-300x165.png 300w, https:\/\/gemmaromeu.com\/wp-content\/uploads\/2024\/01\/Correccion-1024x564.png 1024w, https:\/\/gemmaromeu.com\/wp-content\/uploads\/2024\/01\/Correccion-768x423.png 768w, https:\/\/gemmaromeu.com\/wp-content\/uploads\/2024\/01\/Correccion-1536x846.png 1536w, https:\/\/gemmaromeu.com\/wp-content\/uploads\/2024\/01\/Correccion-700x386.png 700w, https:\/\/gemmaromeu.com\/wp-content\/uploads\/2024\/01\/Correccion-520x286.png 520w, https:\/\/gemmaromeu.com\/wp-content\/uploads\/2024\/01\/Correccion-360x198.png 360w, https:\/\/gemmaromeu.com\/wp-content\/uploads\/2024\/01\/Correccion-250x138.png 250w, https:\/\/gemmaromeu.com\/wp-content\/uploads\/2024\/01\/Correccion-100x55.png 100w, https:\/\/gemmaromeu.com\/wp-content\/uploads\/2024\/01\/Correccion.png 1656w\" sizes=\"auto, (max-width: 300px) 100vw, 300px\" \/><\/a><\/p>\n<\/div>\n<div  class=\"wrc-column wrc-column-width-1\" >\n<p><a href=\"https:\/\/gemmaromeu.com\/index.php\/es\/traduccion\/\" rel=\"attachment wp-att-808\"><img loading=\"lazy\" decoding=\"async\" class=\"aligncenter size-medium wp-image-808\" src=\"http:\/\/gemmaromeu.com\/wp-content\/uploads\/2024\/01\/Traduccion-300x165.png\" alt=\"\" width=\"300\" height=\"165\" srcset=\"https:\/\/gemmaromeu.com\/wp-content\/uploads\/2024\/01\/Traduccion-300x165.png 300w, https:\/\/gemmaromeu.com\/wp-content\/uploads\/2024\/01\/Traduccion-1024x564.png 1024w, https:\/\/gemmaromeu.com\/wp-content\/uploads\/2024\/01\/Traduccion-768x423.png 768w, https:\/\/gemmaromeu.com\/wp-content\/uploads\/2024\/01\/Traduccion-1536x846.png 1536w, https:\/\/gemmaromeu.com\/wp-content\/uploads\/2024\/01\/Traduccion-700x386.png 700w, https:\/\/gemmaromeu.com\/wp-content\/uploads\/2024\/01\/Traduccion-520x286.png 520w, https:\/\/gemmaromeu.com\/wp-content\/uploads\/2024\/01\/Traduccion-360x198.png 360w, https:\/\/gemmaromeu.com\/wp-content\/uploads\/2024\/01\/Traduccion-250x138.png 250w, https:\/\/gemmaromeu.com\/wp-content\/uploads\/2024\/01\/Traduccion-100x55.png 100w, https:\/\/gemmaromeu.com\/wp-content\/uploads\/2024\/01\/Traduccion.png 1656w\" sizes=\"auto, (max-width: 300px) 100vw, 300px\" \/><\/a><\/p>\n<\/div>\n<div  class=\"wrc-column wrc-column-width-1\" >\n<p><a href=\"https:\/\/gemmaromeu.com\/index.php\/es\/redaccion\/\" rel=\"attachment wp-att-809\"><img loading=\"lazy\" decoding=\"async\" class=\"aligncenter size-medium wp-image-809\" src=\"http:\/\/gemmaromeu.com\/wp-content\/uploads\/2024\/01\/Redaccion-300x165.png\" alt=\"\" width=\"300\" height=\"165\" srcset=\"https:\/\/gemmaromeu.com\/wp-content\/uploads\/2024\/01\/Redaccion-300x165.png 300w, https:\/\/gemmaromeu.com\/wp-content\/uploads\/2024\/01\/Redaccion-1024x564.png 1024w, https:\/\/gemmaromeu.com\/wp-content\/uploads\/2024\/01\/Redaccion-768x423.png 768w, https:\/\/gemmaromeu.com\/wp-content\/uploads\/2024\/01\/Redaccion-1536x846.png 1536w, https:\/\/gemmaromeu.com\/wp-content\/uploads\/2024\/01\/Redaccion-700x386.png 700w, https:\/\/gemmaromeu.com\/wp-content\/uploads\/2024\/01\/Redaccion-520x286.png 520w, https:\/\/gemmaromeu.com\/wp-content\/uploads\/2024\/01\/Redaccion-360x198.png 360w, https:\/\/gemmaromeu.com\/wp-content\/uploads\/2024\/01\/Redaccion-250x138.png 250w, https:\/\/gemmaromeu.com\/wp-content\/uploads\/2024\/01\/Redaccion-100x55.png 100w, https:\/\/gemmaromeu.com\/wp-content\/uploads\/2024\/01\/Redaccion.png 1656w\" sizes=\"auto, (max-width: 300px) 100vw, 300px\" \/><\/a><\/p>\n<\/div>\n<div class=\"wrc-column-grid wrc-column-grid-4\">\n<div  class=\"wrc-column wrc-column-width-1 wrc-column-start\" >\n<p><a href=\"https:\/\/gemmaromeu.com\/index.php\/es\/asesoramiento-linguistico\/\" rel=\"attachment wp-att-811\"><img loading=\"lazy\" decoding=\"async\" class=\"aligncenter size-medium wp-image-811\" src=\"http:\/\/gemmaromeu.com\/wp-content\/uploads\/2024\/01\/Ass-lingu-1-300x165.png\" alt=\"\" width=\"300\" height=\"165\" srcset=\"https:\/\/gemmaromeu.com\/wp-content\/uploads\/2024\/01\/Ass-lingu-1-300x165.png 300w, https:\/\/gemmaromeu.com\/wp-content\/uploads\/2024\/01\/Ass-lingu-1-1024x564.png 1024w, https:\/\/gemmaromeu.com\/wp-content\/uploads\/2024\/01\/Ass-lingu-1-768x423.png 768w, https:\/\/gemmaromeu.com\/wp-content\/uploads\/2024\/01\/Ass-lingu-1-1536x846.png 1536w, https:\/\/gemmaromeu.com\/wp-content\/uploads\/2024\/01\/Ass-lingu-1-700x386.png 700w, https:\/\/gemmaromeu.com\/wp-content\/uploads\/2024\/01\/Ass-lingu-1-520x286.png 520w, https:\/\/gemmaromeu.com\/wp-content\/uploads\/2024\/01\/Ass-lingu-1-360x198.png 360w, https:\/\/gemmaromeu.com\/wp-content\/uploads\/2024\/01\/Ass-lingu-1-250x138.png 250w, https:\/\/gemmaromeu.com\/wp-content\/uploads\/2024\/01\/Ass-lingu-1-100x55.png 100w, https:\/\/gemmaromeu.com\/wp-content\/uploads\/2024\/01\/Ass-lingu-1.png 1656w\" sizes=\"auto, (max-width: 300px) 100vw, 300px\" \/><\/a><\/p>\n<\/div>\n<div  class=\"wrc-column wrc-column-width-1\" >\n<p><a href=\"https:\/\/gemmaromeu.com\/index.php\/es\/asesoramiento-literario\/\" rel=\"attachment wp-att-812\"><img loading=\"lazy\" decoding=\"async\" class=\"aligncenter size-medium wp-image-812\" src=\"http:\/\/gemmaromeu.com\/wp-content\/uploads\/2024\/01\/Ass-lit-1-300x165.png\" alt=\"\" width=\"300\" height=\"165\" srcset=\"https:\/\/gemmaromeu.com\/wp-content\/uploads\/2024\/01\/Ass-lit-1-300x165.png 300w, https:\/\/gemmaromeu.com\/wp-content\/uploads\/2024\/01\/Ass-lit-1-1024x564.png 1024w, https:\/\/gemmaromeu.com\/wp-content\/uploads\/2024\/01\/Ass-lit-1-768x423.png 768w, https:\/\/gemmaromeu.com\/wp-content\/uploads\/2024\/01\/Ass-lit-1-1536x846.png 1536w, https:\/\/gemmaromeu.com\/wp-content\/uploads\/2024\/01\/Ass-lit-1-700x386.png 700w, https:\/\/gemmaromeu.com\/wp-content\/uploads\/2024\/01\/Ass-lit-1-520x286.png 520w, https:\/\/gemmaromeu.com\/wp-content\/uploads\/2024\/01\/Ass-lit-1-360x198.png 360w, https:\/\/gemmaromeu.com\/wp-content\/uploads\/2024\/01\/Ass-lit-1-250x138.png 250w, https:\/\/gemmaromeu.com\/wp-content\/uploads\/2024\/01\/Ass-lit-1-100x55.png 100w, https:\/\/gemmaromeu.com\/wp-content\/uploads\/2024\/01\/Ass-lit-1.png 1656w\" sizes=\"auto, (max-width: 300px) 100vw, 300px\" \/><\/a><\/p>\n<\/div>\n<div  class=\"wrc-column wrc-column-width-1\" >\n<p><a href=\"https:\/\/gemmaromeu.com\/index.php\/es\/transcripcion\/\" rel=\"attachment wp-att-813\"><img loading=\"lazy\" decoding=\"async\" class=\"aligncenter size-medium wp-image-813\" src=\"http:\/\/gemmaromeu.com\/wp-content\/uploads\/2024\/01\/Transcripcion-300x165.png\" alt=\"\" width=\"300\" height=\"165\" srcset=\"https:\/\/gemmaromeu.com\/wp-content\/uploads\/2024\/01\/Transcripcion-300x165.png 300w, https:\/\/gemmaromeu.com\/wp-content\/uploads\/2024\/01\/Transcripcion-1024x564.png 1024w, https:\/\/gemmaromeu.com\/wp-content\/uploads\/2024\/01\/Transcripcion-768x423.png 768w, https:\/\/gemmaromeu.com\/wp-content\/uploads\/2024\/01\/Transcripcion-1536x846.png 1536w, https:\/\/gemmaromeu.com\/wp-content\/uploads\/2024\/01\/Transcripcion-700x386.png 700w, https:\/\/gemmaromeu.com\/wp-content\/uploads\/2024\/01\/Transcripcion-520x286.png 520w, https:\/\/gemmaromeu.com\/wp-content\/uploads\/2024\/01\/Transcripcion-360x198.png 360w, https:\/\/gemmaromeu.com\/wp-content\/uploads\/2024\/01\/Transcripcion-250x138.png 250w, https:\/\/gemmaromeu.com\/wp-content\/uploads\/2024\/01\/Transcripcion-100x55.png 100w, https:\/\/gemmaromeu.com\/wp-content\/uploads\/2024\/01\/Transcripcion.png 1656w\" sizes=\"auto, (max-width: 300px) 100vw, 300px\" \/><\/a><\/p>\n<\/div>\n<div  class=\"wrc-column wrc-column-width-1 wrc-column-end\" >\n<p><a href=\"https:\/\/gemmaromeu.com\/index.php\/es\/contacto\/\" rel=\"attachment wp-att-814\"><img loading=\"lazy\" decoding=\"async\" class=\"aligncenter size-medium wp-image-814\" src=\"http:\/\/gemmaromeu.com\/wp-content\/uploads\/2024\/01\/Contacto-300x165.png\" alt=\"\" width=\"300\" height=\"165\" srcset=\"https:\/\/gemmaromeu.com\/wp-content\/uploads\/2024\/01\/Contacto-300x165.png 300w, https:\/\/gemmaromeu.com\/wp-content\/uploads\/2024\/01\/Contacto-1024x564.png 1024w, https:\/\/gemmaromeu.com\/wp-content\/uploads\/2024\/01\/Contacto-768x423.png 768w, https:\/\/gemmaromeu.com\/wp-content\/uploads\/2024\/01\/Contacto-1536x846.png 1536w, https:\/\/gemmaromeu.com\/wp-content\/uploads\/2024\/01\/Contacto-700x386.png 700w, https:\/\/gemmaromeu.com\/wp-content\/uploads\/2024\/01\/Contacto-520x286.png 520w, https:\/\/gemmaromeu.com\/wp-content\/uploads\/2024\/01\/Contacto-360x198.png 360w, https:\/\/gemmaromeu.com\/wp-content\/uploads\/2024\/01\/Contacto-250x138.png 250w, https:\/\/gemmaromeu.com\/wp-content\/uploads\/2024\/01\/Contacto-100x55.png 100w, https:\/\/gemmaromeu.com\/wp-content\/uploads\/2024\/01\/Contacto.png 1656w\" sizes=\"auto, (max-width: 300px) 100vw, 300px\" \/><\/a><\/p>\n<\/div>\n<\/div>\n<p><!-- .wrc-column-grid --><\/p>\n<p>&nbsp;<\/p>\n<p>&nbsp;<\/p>\n<p>&nbsp;<\/p>\n","protected":false},"excerpt":{"rendered":"<p>Un texto pobre, mal planteado o con problemas de cohesi\u00f3n y faltas de ortograf\u00eda puede hacerte perder a lectores y clientes. Escribir supone mostrar autoridad y credibilidad en tu mensaje, sea como escritor\/a o como marca o empresa. Del mismo [&hellip;]<\/p>\n","protected":false},"author":1,"featured_media":0,"parent":0,"menu_order":0,"comment_status":"closed","ping_status":"closed","template":"page-templates\/page_fullwidth.php","meta":{"footnotes":""},"class_list":["post-359","page","type-page","status-publish","hentry","clearfix"],"yoast_head":"<!-- This site is optimized with the Yoast SEO plugin v22.9 - https:\/\/yoast.com\/wordpress\/plugins\/seo\/ -->\n<title>Servicios - Gemma Romeu i Punt\u00ed<\/title>\n<meta name=\"robots\" content=\"index, follow, max-snippet:-1, max-image-preview:large, max-video-preview:-1\" \/>\n<link rel=\"canonical\" href=\"https:\/\/gemmaromeu.com\/index.php\/es\/servicios\/\" \/>\n<meta property=\"og:locale\" content=\"es_ES\" \/>\n<meta property=\"og:type\" content=\"article\" \/>\n<meta property=\"og:title\" content=\"Servicios - Gemma Romeu i Punt\u00ed\" \/>\n<meta property=\"og:description\" content=\"Un texto pobre, mal planteado o con problemas de cohesi\u00f3n y faltas de ortograf\u00eda puede hacerte perder a lectores y clientes. Escribir supone mostrar autoridad y credibilidad en tu mensaje, sea como escritor\/a o como marca o empresa. Del mismo [&hellip;]\" \/>\n<meta property=\"og:url\" content=\"https:\/\/gemmaromeu.com\/index.php\/es\/servicios\/\" \/>\n<meta property=\"og:site_name\" content=\"Gemma Romeu i Punt\u00ed\" \/>\n<meta property=\"article:modified_time\" content=\"2026-01-20T17:11:59+00:00\" \/>\n<meta property=\"og:image\" content=\"http:\/\/gemmaromeu.com\/wp-content\/uploads\/2024\/01\/Correccion-300x165.png\" \/>\n<meta name=\"twitter:card\" content=\"summary_large_image\" \/>\n<meta name=\"twitter:label1\" content=\"Tiempo de lectura\" \/>\n\t<meta name=\"twitter:data1\" content=\"3 minutos\" \/>\n<script type=\"application\/ld+json\" class=\"yoast-schema-graph\">{\"@context\":\"https:\/\/schema.org\",\"@graph\":[{\"@type\":\"WebPage\",\"@id\":\"https:\/\/gemmaromeu.com\/index.php\/es\/servicios\/\",\"url\":\"https:\/\/gemmaromeu.com\/index.php\/es\/servicios\/\",\"name\":\"Servicios - Gemma Romeu i Punt\u00ed\",\"isPartOf\":{\"@id\":\"https:\/\/gemmaromeu.com\/#website\"},\"primaryImageOfPage\":{\"@id\":\"https:\/\/gemmaromeu.com\/index.php\/es\/servicios\/#primaryimage\"},\"image\":{\"@id\":\"https:\/\/gemmaromeu.com\/index.php\/es\/servicios\/#primaryimage\"},\"thumbnailUrl\":\"http:\/\/gemmaromeu.com\/wp-content\/uploads\/2024\/01\/Correccion-300x165.png\",\"datePublished\":\"2020-10-31T10:30:20+00:00\",\"dateModified\":\"2026-01-20T17:11:59+00:00\",\"breadcrumb\":{\"@id\":\"https:\/\/gemmaromeu.com\/index.php\/es\/servicios\/#breadcrumb\"},\"inLanguage\":\"es\",\"potentialAction\":[{\"@type\":\"ReadAction\",\"target\":[\"https:\/\/gemmaromeu.com\/index.php\/es\/servicios\/\"]}]},{\"@type\":\"ImageObject\",\"inLanguage\":\"es\",\"@id\":\"https:\/\/gemmaromeu.com\/index.php\/es\/servicios\/#primaryimage\",\"url\":\"https:\/\/gemmaromeu.com\/wp-content\/uploads\/2024\/01\/Correccion.png\",\"contentUrl\":\"https:\/\/gemmaromeu.com\/wp-content\/uploads\/2024\/01\/Correccion.png\",\"width\":1656,\"height\":912},{\"@type\":\"BreadcrumbList\",\"@id\":\"https:\/\/gemmaromeu.com\/index.php\/es\/servicios\/#breadcrumb\",\"itemListElement\":[{\"@type\":\"ListItem\",\"position\":1,\"name\":\"Portada\",\"item\":\"http:\/\/gemmaromeu.com\/\"},{\"@type\":\"ListItem\",\"position\":2,\"name\":\"Servicios\"}]},{\"@type\":\"WebSite\",\"@id\":\"https:\/\/gemmaromeu.com\/#website\",\"url\":\"https:\/\/gemmaromeu.com\/\",\"name\":\"Gemma Romeu i Punt\u00ed\",\"description\":\"correctora \u00b7 redactora \u00b7 traductora \u00b7 assessora ling\u00fc\u00edstica\",\"potentialAction\":[{\"@type\":\"SearchAction\",\"target\":{\"@type\":\"EntryPoint\",\"urlTemplate\":\"https:\/\/gemmaromeu.com\/?s={search_term_string}\"},\"query-input\":\"required name=search_term_string\"}],\"inLanguage\":\"es\"}]}<\/script>\n<!-- \/ Yoast SEO plugin. -->","yoast_head_json":{"title":"Servicios - Gemma Romeu i Punt\u00ed","robots":{"index":"index","follow":"follow","max-snippet":"max-snippet:-1","max-image-preview":"max-image-preview:large","max-video-preview":"max-video-preview:-1"},"canonical":"https:\/\/gemmaromeu.com\/index.php\/es\/servicios\/","og_locale":"es_ES","og_type":"article","og_title":"Servicios - Gemma Romeu i Punt\u00ed","og_description":"Un texto pobre, mal planteado o con problemas de cohesi\u00f3n y faltas de ortograf\u00eda puede hacerte perder a lectores y clientes. Escribir supone mostrar autoridad y credibilidad en tu mensaje, sea como escritor\/a o como marca o empresa. Del mismo [&hellip;]","og_url":"https:\/\/gemmaromeu.com\/index.php\/es\/servicios\/","og_site_name":"Gemma Romeu i Punt\u00ed","article_modified_time":"2026-01-20T17:11:59+00:00","og_image":[{"url":"http:\/\/gemmaromeu.com\/wp-content\/uploads\/2024\/01\/Correccion-300x165.png"}],"twitter_card":"summary_large_image","twitter_misc":{"Tiempo de lectura":"3 minutos"},"schema":{"@context":"https:\/\/schema.org","@graph":[{"@type":"WebPage","@id":"https:\/\/gemmaromeu.com\/index.php\/es\/servicios\/","url":"https:\/\/gemmaromeu.com\/index.php\/es\/servicios\/","name":"Servicios - Gemma Romeu i Punt\u00ed","isPartOf":{"@id":"https:\/\/gemmaromeu.com\/#website"},"primaryImageOfPage":{"@id":"https:\/\/gemmaromeu.com\/index.php\/es\/servicios\/#primaryimage"},"image":{"@id":"https:\/\/gemmaromeu.com\/index.php\/es\/servicios\/#primaryimage"},"thumbnailUrl":"http:\/\/gemmaromeu.com\/wp-content\/uploads\/2024\/01\/Correccion-300x165.png","datePublished":"2020-10-31T10:30:20+00:00","dateModified":"2026-01-20T17:11:59+00:00","breadcrumb":{"@id":"https:\/\/gemmaromeu.com\/index.php\/es\/servicios\/#breadcrumb"},"inLanguage":"es","potentialAction":[{"@type":"ReadAction","target":["https:\/\/gemmaromeu.com\/index.php\/es\/servicios\/"]}]},{"@type":"ImageObject","inLanguage":"es","@id":"https:\/\/gemmaromeu.com\/index.php\/es\/servicios\/#primaryimage","url":"https:\/\/gemmaromeu.com\/wp-content\/uploads\/2024\/01\/Correccion.png","contentUrl":"https:\/\/gemmaromeu.com\/wp-content\/uploads\/2024\/01\/Correccion.png","width":1656,"height":912},{"@type":"BreadcrumbList","@id":"https:\/\/gemmaromeu.com\/index.php\/es\/servicios\/#breadcrumb","itemListElement":[{"@type":"ListItem","position":1,"name":"Portada","item":"http:\/\/gemmaromeu.com\/"},{"@type":"ListItem","position":2,"name":"Servicios"}]},{"@type":"WebSite","@id":"https:\/\/gemmaromeu.com\/#website","url":"https:\/\/gemmaromeu.com\/","name":"Gemma Romeu i Punt\u00ed","description":"correctora \u00b7 redactora \u00b7 traductora \u00b7 assessora ling\u00fc\u00edstica","potentialAction":[{"@type":"SearchAction","target":{"@type":"EntryPoint","urlTemplate":"https:\/\/gemmaromeu.com\/?s={search_term_string}"},"query-input":"required name=search_term_string"}],"inLanguage":"es"}]}},"_links":{"self":[{"href":"https:\/\/gemmaromeu.com\/index.php\/wp-json\/wp\/v2\/pages\/359","targetHints":{"allow":["GET"]}}],"collection":[{"href":"https:\/\/gemmaromeu.com\/index.php\/wp-json\/wp\/v2\/pages"}],"about":[{"href":"https:\/\/gemmaromeu.com\/index.php\/wp-json\/wp\/v2\/types\/page"}],"author":[{"embeddable":true,"href":"https:\/\/gemmaromeu.com\/index.php\/wp-json\/wp\/v2\/users\/1"}],"replies":[{"embeddable":true,"href":"https:\/\/gemmaromeu.com\/index.php\/wp-json\/wp\/v2\/comments?post=359"}],"version-history":[{"count":17,"href":"https:\/\/gemmaromeu.com\/index.php\/wp-json\/wp\/v2\/pages\/359\/revisions"}],"predecessor-version":[{"id":936,"href":"https:\/\/gemmaromeu.com\/index.php\/wp-json\/wp\/v2\/pages\/359\/revisions\/936"}],"wp:attachment":[{"href":"https:\/\/gemmaromeu.com\/index.php\/wp-json\/wp\/v2\/media?parent=359"}],"curies":[{"name":"wp","href":"https:\/\/api.w.org\/{rel}","templated":true}]}}