{"id":256,"date":"2020-10-25T13:06:21","date_gmt":"2020-10-25T12:06:21","guid":{"rendered":"http:\/\/gemmaromeu.com\/?page_id=256"},"modified":"2024-01-19T11:06:03","modified_gmt":"2024-01-19T10:06:03","slug":"assessorament-linguistic","status":"publish","type":"page","link":"https:\/\/gemmaromeu.com\/index.php\/assessorament-linguistic\/","title":{"rendered":"Assessorament ling\u00fc\u00edstic"},"content":{"rendered":"<p>El <strong>servei d\u2019assessorament ling\u00fc\u00edstic<\/strong> t\u00e9 l\u2019objectiu d\u2019oferir-te ajuda personalitzada perqu\u00e8 puguis navegar pel m\u00f3n de les paraules amb confian\u00e7a.<\/p>\n<p>Ja sigui per resoldre dubtes gramaticals, optimitzar l\u2019estil de l\u2019escrit o assegurar la coher\u00e8ncia del llenguatge, et proporciono un <strong>suport ling\u00fc\u00edstic i filol\u00f2gic<\/strong> per potenciar la teva expressi\u00f3.<\/p>\n<p>No cal que tinguis un text finalitzat i definitiu per contractar aquest servei. T\u2019ajudo durant el proc\u00e9s d\u2019escriptura!<\/p>\n<p><strong>Contacta amb mi si&#8230;<\/strong><\/p>\n<ul>\n<li><strong>Tens un text inacabat<\/strong> o que encara no necessita una correcci\u00f3 ling\u00fc\u00edstica per\u00f2 s\u00ed un <strong>replantejament de l\u2019estructura general<\/strong>, la configuraci\u00f3 d\u2019apartats o cap\u00edtols, bibliografia, citacions bibliogr\u00e0fiques (estil APA), etc.<\/li>\n<\/ul>\n<h6><\/h6>\n<ul>\n<li>Necessites que alg\u00fa et faci la <strong>revisi\u00f3 de treballs acad\u00e8mics<\/strong> (TFG i TFM) i t\u2019ofereixi una visi\u00f3 cr\u00edtica sobre all\u00f2 que funciona i el que no, per tal d\u2019aconseguir la millor versi\u00f3 del text.<\/li>\n<\/ul>\n<h6><\/h6>\n<ul>\n<li>No saps com<strong> enfrontar-te a la p\u00e0gina en blanc <\/strong>o tens<strong> problemes per planificar<\/strong> <strong>l\u2019escriptura<\/strong> d\u2019un text i necessites orientaci\u00f3 en el proc\u00e9s de creaci\u00f3.<\/li>\n<\/ul>\n<p>&nbsp;<\/p>\n","protected":false},"excerpt":{"rendered":"<p>El servei d\u2019assessorament ling\u00fc\u00edstic t\u00e9 l\u2019objectiu d\u2019oferir-te ajuda personalitzada perqu\u00e8 puguis navegar pel m\u00f3n de les paraules amb confian\u00e7a. Ja sigui per resoldre dubtes gramaticals, optimitzar l\u2019estil de l\u2019escrit o assegurar la coher\u00e8ncia del llenguatge, et proporciono un suport ling\u00fc\u00edstic [&hellip;]<\/p>\n","protected":false},"author":1,"featured_media":0,"parent":0,"menu_order":0,"comment_status":"closed","ping_status":"closed","template":"page-templates\/page_fullwidth.php","meta":{"footnotes":""},"class_list":["post-256","page","type-page","status-publish","hentry","clearfix"],"yoast_head":"<!-- This site is optimized with the Yoast SEO plugin v22.9 - https:\/\/yoast.com\/wordpress\/plugins\/seo\/ -->\n<title>Assessorament ling\u00fc\u00edstic - Gemma Romeu i Punt\u00ed<\/title>\n<meta name=\"robots\" content=\"index, follow, max-snippet:-1, max-image-preview:large, max-video-preview:-1\" \/>\n<link rel=\"canonical\" href=\"https:\/\/gemmaromeu.com\/index.php\/assessorament-linguistic\/\" \/>\n<meta property=\"og:locale\" content=\"es_ES\" \/>\n<meta property=\"og:type\" content=\"article\" \/>\n<meta property=\"og:title\" content=\"Assessorament ling\u00fc\u00edstic - Gemma Romeu i Punt\u00ed\" \/>\n<meta property=\"og:description\" content=\"El servei d\u2019assessorament ling\u00fc\u00edstic t\u00e9 l\u2019objectiu d\u2019oferir-te ajuda personalitzada perqu\u00e8 puguis navegar pel m\u00f3n de les paraules amb confian\u00e7a. Ja sigui per resoldre dubtes gramaticals, optimitzar l\u2019estil de l\u2019escrit o assegurar la coher\u00e8ncia del llenguatge, et proporciono un suport ling\u00fc\u00edstic [&hellip;]\" \/>\n<meta property=\"og:url\" content=\"https:\/\/gemmaromeu.com\/index.php\/assessorament-linguistic\/\" \/>\n<meta property=\"og:site_name\" content=\"Gemma Romeu i Punt\u00ed\" \/>\n<meta property=\"article:modified_time\" content=\"2024-01-19T10:06:03+00:00\" \/>\n<meta name=\"twitter:card\" content=\"summary_large_image\" \/>\n<meta name=\"twitter:label1\" content=\"Tiempo de lectura\" \/>\n\t<meta name=\"twitter:data1\" content=\"1 minuto\" \/>\n<script type=\"application\/ld+json\" class=\"yoast-schema-graph\">{\"@context\":\"https:\/\/schema.org\",\"@graph\":[{\"@type\":\"WebPage\",\"@id\":\"https:\/\/gemmaromeu.com\/index.php\/assessorament-linguistic\/\",\"url\":\"https:\/\/gemmaromeu.com\/index.php\/assessorament-linguistic\/\",\"name\":\"Assessorament ling\u00fc\u00edstic - Gemma Romeu i Punt\u00ed\",\"isPartOf\":{\"@id\":\"https:\/\/gemmaromeu.com\/#website\"},\"datePublished\":\"2020-10-25T12:06:21+00:00\",\"dateModified\":\"2024-01-19T10:06:03+00:00\",\"breadcrumb\":{\"@id\":\"https:\/\/gemmaromeu.com\/index.php\/assessorament-linguistic\/#breadcrumb\"},\"inLanguage\":\"es\",\"potentialAction\":[{\"@type\":\"ReadAction\",\"target\":[\"https:\/\/gemmaromeu.com\/index.php\/assessorament-linguistic\/\"]}]},{\"@type\":\"BreadcrumbList\",\"@id\":\"https:\/\/gemmaromeu.com\/index.php\/assessorament-linguistic\/#breadcrumb\",\"itemListElement\":[{\"@type\":\"ListItem\",\"position\":1,\"name\":\"Portada\",\"item\":\"http:\/\/gemmaromeu.com\/\"},{\"@type\":\"ListItem\",\"position\":2,\"name\":\"Assessorament ling\u00fc\u00edstic\"}]},{\"@type\":\"WebSite\",\"@id\":\"https:\/\/gemmaromeu.com\/#website\",\"url\":\"https:\/\/gemmaromeu.com\/\",\"name\":\"Gemma Romeu i Punt\u00ed\",\"description\":\"correctora \u00b7 redactora \u00b7 traductora \u00b7 assessora ling\u00fc\u00edstica\",\"potentialAction\":[{\"@type\":\"SearchAction\",\"target\":{\"@type\":\"EntryPoint\",\"urlTemplate\":\"https:\/\/gemmaromeu.com\/?s={search_term_string}\"},\"query-input\":\"required name=search_term_string\"}],\"inLanguage\":\"es\"}]}<\/script>\n<!-- \/ Yoast SEO plugin. -->","yoast_head_json":{"title":"Assessorament ling\u00fc\u00edstic - Gemma Romeu i Punt\u00ed","robots":{"index":"index","follow":"follow","max-snippet":"max-snippet:-1","max-image-preview":"max-image-preview:large","max-video-preview":"max-video-preview:-1"},"canonical":"https:\/\/gemmaromeu.com\/index.php\/assessorament-linguistic\/","og_locale":"es_ES","og_type":"article","og_title":"Assessorament ling\u00fc\u00edstic - Gemma Romeu i Punt\u00ed","og_description":"El servei d\u2019assessorament ling\u00fc\u00edstic t\u00e9 l\u2019objectiu d\u2019oferir-te ajuda personalitzada perqu\u00e8 puguis navegar pel m\u00f3n de les paraules amb confian\u00e7a. Ja sigui per resoldre dubtes gramaticals, optimitzar l\u2019estil de l\u2019escrit o assegurar la coher\u00e8ncia del llenguatge, et proporciono un suport ling\u00fc\u00edstic [&hellip;]","og_url":"https:\/\/gemmaromeu.com\/index.php\/assessorament-linguistic\/","og_site_name":"Gemma Romeu i Punt\u00ed","article_modified_time":"2024-01-19T10:06:03+00:00","twitter_card":"summary_large_image","twitter_misc":{"Tiempo de lectura":"1 minuto"},"schema":{"@context":"https:\/\/schema.org","@graph":[{"@type":"WebPage","@id":"https:\/\/gemmaromeu.com\/index.php\/assessorament-linguistic\/","url":"https:\/\/gemmaromeu.com\/index.php\/assessorament-linguistic\/","name":"Assessorament ling\u00fc\u00edstic - Gemma Romeu i Punt\u00ed","isPartOf":{"@id":"https:\/\/gemmaromeu.com\/#website"},"datePublished":"2020-10-25T12:06:21+00:00","dateModified":"2024-01-19T10:06:03+00:00","breadcrumb":{"@id":"https:\/\/gemmaromeu.com\/index.php\/assessorament-linguistic\/#breadcrumb"},"inLanguage":"es","potentialAction":[{"@type":"ReadAction","target":["https:\/\/gemmaromeu.com\/index.php\/assessorament-linguistic\/"]}]},{"@type":"BreadcrumbList","@id":"https:\/\/gemmaromeu.com\/index.php\/assessorament-linguistic\/#breadcrumb","itemListElement":[{"@type":"ListItem","position":1,"name":"Portada","item":"http:\/\/gemmaromeu.com\/"},{"@type":"ListItem","position":2,"name":"Assessorament ling\u00fc\u00edstic"}]},{"@type":"WebSite","@id":"https:\/\/gemmaromeu.com\/#website","url":"https:\/\/gemmaromeu.com\/","name":"Gemma Romeu i Punt\u00ed","description":"correctora \u00b7 redactora \u00b7 traductora \u00b7 assessora ling\u00fc\u00edstica","potentialAction":[{"@type":"SearchAction","target":{"@type":"EntryPoint","urlTemplate":"https:\/\/gemmaromeu.com\/?s={search_term_string}"},"query-input":"required name=search_term_string"}],"inLanguage":"es"}]}},"_links":{"self":[{"href":"https:\/\/gemmaromeu.com\/index.php\/wp-json\/wp\/v2\/pages\/256","targetHints":{"allow":["GET"]}}],"collection":[{"href":"https:\/\/gemmaromeu.com\/index.php\/wp-json\/wp\/v2\/pages"}],"about":[{"href":"https:\/\/gemmaromeu.com\/index.php\/wp-json\/wp\/v2\/types\/page"}],"author":[{"embeddable":true,"href":"https:\/\/gemmaromeu.com\/index.php\/wp-json\/wp\/v2\/users\/1"}],"replies":[{"embeddable":true,"href":"https:\/\/gemmaromeu.com\/index.php\/wp-json\/wp\/v2\/comments?post=256"}],"version-history":[{"count":4,"href":"https:\/\/gemmaromeu.com\/index.php\/wp-json\/wp\/v2\/pages\/256\/revisions"}],"predecessor-version":[{"id":847,"href":"https:\/\/gemmaromeu.com\/index.php\/wp-json\/wp\/v2\/pages\/256\/revisions\/847"}],"wp:attachment":[{"href":"https:\/\/gemmaromeu.com\/index.php\/wp-json\/wp\/v2\/media?parent=256"}],"curies":[{"name":"wp","href":"https:\/\/api.w.org\/{rel}","templated":true}]}}