{"id":237,"date":"2020-10-25T12:40:04","date_gmt":"2020-10-25T11:40:04","guid":{"rendered":"http:\/\/gemmaromeu.com\/?page_id=237"},"modified":"2024-01-18T19:54:59","modified_gmt":"2024-01-18T18:54:59","slug":"correccio","status":"publish","type":"page","link":"https:\/\/gemmaromeu.com\/index.php\/correccio\/","title":{"rendered":"Correcci\u00f3"},"content":{"rendered":"<p>Gr\u00e0cies a la meva formaci\u00f3 i experi\u00e8ncia, em dedico a <strong>perfeccionar les paraules<\/strong> perqu\u00e8 brillin amb claredat. Ofereixo serveis de correcci\u00f3 de textos que van m\u00e9s enll\u00e0 de la gram\u00e0tica i l\u2019ortografia, amb la qual cosa asseguro que el missatge sigui impecable i prec\u00eds.<\/p>\n<p>Des de <strong>documents professionals<\/strong> fins a <strong>continguts digitals<\/strong> i <strong>obres liter\u00e0ries<\/strong>, puc ajudar-te a aconseguir textos escrits en catal\u00e0 i castell\u00e0 amb la m\u00e0xima qualitat ling\u00fc\u00edstica.<\/p>\n<p>En funci\u00f3 de <strong>l\u2019objectiu<\/strong> que es persegueixi o de <strong>l\u2019estat<\/strong> (d\u2019escriptura o b\u00e9 publicaci\u00f3) en qu\u00e8 es trobi el text, caldr\u00e0 un tipus de revisi\u00f3 o una altra.<\/p>\n<p>Els <strong>tipus de correcci\u00f3<\/strong> que ofereixo s\u00f3n:<\/p>\n<ul>\n<li><strong>Correcci\u00f3 d\u2019estil.<\/strong> \u00c9s la revisi\u00f3 d\u2019aspectes com les repeticions de paraules, el ritme i la monotonia, l\u2019\u00fas de crosses ling\u00fc\u00edstiques, la falta de coher\u00e8ncia o cohesi\u00f3 en l\u2019estructura general, i l\u2019adequaci\u00f3 del text al seu prop\u00f2sit i al seu registre.<\/li>\n<\/ul>\n<h6><\/h6>\n<ul>\n<li><strong>Correcci\u00f3 ortotipogr\u00e0fica.<\/strong> T\u00e9 l\u2019objectiu de corregir no nom\u00e9s els errors ortogr\u00e0fics, gramaticals i sint\u00e0ctics, sin\u00f3 tamb\u00e9 les incorreccions tipogr\u00e0fiques i de puntuaci\u00f3 (maj\u00fascules, \u00fas de cursives i negretes, llistes de guions, cap\u00e7aleres, separaci\u00f3 de paraules a final de l\u00ednia, etc.).<\/li>\n<\/ul>\n<h6><\/h6>\n<ul>\n<li><strong>Correcci\u00f3 ortotipogr\u00e0fica i d\u2019estil.<\/strong> Per a una revisi\u00f3 integral, consisteix en l\u2019esmena d\u2019incorreccions ortotipogr\u00e0fiques, d\u2019estil i d\u2019adequaci\u00f3 general.<\/li>\n<\/ul>\n<h6><\/h6>\n<ul>\n<li><strong>Revisi\u00f3 de galerades i compaginades.<\/strong> \u00c9s la revisi\u00f3 de correccions de maqueta, revisi\u00f3 o redacci\u00f3 de textos de coberta o contracoberta, sinopsis, resums, \u00edndexs, bibliografies, etc.<\/li>\n<\/ul>\n","protected":false},"excerpt":{"rendered":"<p>Gr\u00e0cies a la meva formaci\u00f3 i experi\u00e8ncia, em dedico a perfeccionar les paraules perqu\u00e8 brillin amb claredat. Ofereixo serveis de correcci\u00f3 de textos que van m\u00e9s enll\u00e0 de la gram\u00e0tica i l\u2019ortografia, amb la qual cosa asseguro que el missatge [&hellip;]<\/p>\n","protected":false},"author":1,"featured_media":0,"parent":0,"menu_order":0,"comment_status":"closed","ping_status":"closed","template":"page-templates\/page_fullwidth.php","meta":{"footnotes":""},"class_list":["post-237","page","type-page","status-publish","hentry","clearfix"],"yoast_head":"<!-- This site is optimized with the Yoast SEO plugin v22.9 - https:\/\/yoast.com\/wordpress\/plugins\/seo\/ -->\n<title>Correcci\u00f3 - Gemma Romeu i Punt\u00ed<\/title>\n<meta name=\"robots\" content=\"index, follow, max-snippet:-1, max-image-preview:large, max-video-preview:-1\" \/>\n<link rel=\"canonical\" href=\"https:\/\/gemmaromeu.com\/index.php\/correccio\/\" \/>\n<meta property=\"og:locale\" content=\"es_ES\" \/>\n<meta property=\"og:type\" content=\"article\" \/>\n<meta property=\"og:title\" content=\"Correcci\u00f3 - Gemma Romeu i Punt\u00ed\" \/>\n<meta property=\"og:description\" content=\"Gr\u00e0cies a la meva formaci\u00f3 i experi\u00e8ncia, em dedico a perfeccionar les paraules perqu\u00e8 brillin amb claredat. Ofereixo serveis de correcci\u00f3 de textos que van m\u00e9s enll\u00e0 de la gram\u00e0tica i l\u2019ortografia, amb la qual cosa asseguro que el missatge [&hellip;]\" \/>\n<meta property=\"og:url\" content=\"https:\/\/gemmaromeu.com\/index.php\/correccio\/\" \/>\n<meta property=\"og:site_name\" content=\"Gemma Romeu i Punt\u00ed\" \/>\n<meta property=\"article:modified_time\" content=\"2024-01-18T18:54:59+00:00\" \/>\n<meta name=\"twitter:card\" content=\"summary_large_image\" \/>\n<meta name=\"twitter:label1\" content=\"Tiempo de lectura\" \/>\n\t<meta name=\"twitter:data1\" content=\"2 minutos\" \/>\n<script type=\"application\/ld+json\" class=\"yoast-schema-graph\">{\"@context\":\"https:\/\/schema.org\",\"@graph\":[{\"@type\":\"WebPage\",\"@id\":\"https:\/\/gemmaromeu.com\/index.php\/correccio\/\",\"url\":\"https:\/\/gemmaromeu.com\/index.php\/correccio\/\",\"name\":\"Correcci\u00f3 - Gemma Romeu i Punt\u00ed\",\"isPartOf\":{\"@id\":\"https:\/\/gemmaromeu.com\/#website\"},\"datePublished\":\"2020-10-25T11:40:04+00:00\",\"dateModified\":\"2024-01-18T18:54:59+00:00\",\"breadcrumb\":{\"@id\":\"https:\/\/gemmaromeu.com\/index.php\/correccio\/#breadcrumb\"},\"inLanguage\":\"es\",\"potentialAction\":[{\"@type\":\"ReadAction\",\"target\":[\"https:\/\/gemmaromeu.com\/index.php\/correccio\/\"]}]},{\"@type\":\"BreadcrumbList\",\"@id\":\"https:\/\/gemmaromeu.com\/index.php\/correccio\/#breadcrumb\",\"itemListElement\":[{\"@type\":\"ListItem\",\"position\":1,\"name\":\"Portada\",\"item\":\"http:\/\/gemmaromeu.com\/\"},{\"@type\":\"ListItem\",\"position\":2,\"name\":\"Correcci\u00f3\"}]},{\"@type\":\"WebSite\",\"@id\":\"https:\/\/gemmaromeu.com\/#website\",\"url\":\"https:\/\/gemmaromeu.com\/\",\"name\":\"Gemma Romeu i Punt\u00ed\",\"description\":\"correctora \u00b7 redactora \u00b7 traductora \u00b7 assessora ling\u00fc\u00edstica\",\"potentialAction\":[{\"@type\":\"SearchAction\",\"target\":{\"@type\":\"EntryPoint\",\"urlTemplate\":\"https:\/\/gemmaromeu.com\/?s={search_term_string}\"},\"query-input\":\"required name=search_term_string\"}],\"inLanguage\":\"es\"}]}<\/script>\n<!-- \/ Yoast SEO plugin. -->","yoast_head_json":{"title":"Correcci\u00f3 - Gemma Romeu i Punt\u00ed","robots":{"index":"index","follow":"follow","max-snippet":"max-snippet:-1","max-image-preview":"max-image-preview:large","max-video-preview":"max-video-preview:-1"},"canonical":"https:\/\/gemmaromeu.com\/index.php\/correccio\/","og_locale":"es_ES","og_type":"article","og_title":"Correcci\u00f3 - Gemma Romeu i Punt\u00ed","og_description":"Gr\u00e0cies a la meva formaci\u00f3 i experi\u00e8ncia, em dedico a perfeccionar les paraules perqu\u00e8 brillin amb claredat. Ofereixo serveis de correcci\u00f3 de textos que van m\u00e9s enll\u00e0 de la gram\u00e0tica i l\u2019ortografia, amb la qual cosa asseguro que el missatge [&hellip;]","og_url":"https:\/\/gemmaromeu.com\/index.php\/correccio\/","og_site_name":"Gemma Romeu i Punt\u00ed","article_modified_time":"2024-01-18T18:54:59+00:00","twitter_card":"summary_large_image","twitter_misc":{"Tiempo de lectura":"2 minutos"},"schema":{"@context":"https:\/\/schema.org","@graph":[{"@type":"WebPage","@id":"https:\/\/gemmaromeu.com\/index.php\/correccio\/","url":"https:\/\/gemmaromeu.com\/index.php\/correccio\/","name":"Correcci\u00f3 - Gemma Romeu i Punt\u00ed","isPartOf":{"@id":"https:\/\/gemmaromeu.com\/#website"},"datePublished":"2020-10-25T11:40:04+00:00","dateModified":"2024-01-18T18:54:59+00:00","breadcrumb":{"@id":"https:\/\/gemmaromeu.com\/index.php\/correccio\/#breadcrumb"},"inLanguage":"es","potentialAction":[{"@type":"ReadAction","target":["https:\/\/gemmaromeu.com\/index.php\/correccio\/"]}]},{"@type":"BreadcrumbList","@id":"https:\/\/gemmaromeu.com\/index.php\/correccio\/#breadcrumb","itemListElement":[{"@type":"ListItem","position":1,"name":"Portada","item":"http:\/\/gemmaromeu.com\/"},{"@type":"ListItem","position":2,"name":"Correcci\u00f3"}]},{"@type":"WebSite","@id":"https:\/\/gemmaromeu.com\/#website","url":"https:\/\/gemmaromeu.com\/","name":"Gemma Romeu i Punt\u00ed","description":"correctora \u00b7 redactora \u00b7 traductora \u00b7 assessora ling\u00fc\u00edstica","potentialAction":[{"@type":"SearchAction","target":{"@type":"EntryPoint","urlTemplate":"https:\/\/gemmaromeu.com\/?s={search_term_string}"},"query-input":"required name=search_term_string"}],"inLanguage":"es"}]}},"_links":{"self":[{"href":"https:\/\/gemmaromeu.com\/index.php\/wp-json\/wp\/v2\/pages\/237","targetHints":{"allow":["GET"]}}],"collection":[{"href":"https:\/\/gemmaromeu.com\/index.php\/wp-json\/wp\/v2\/pages"}],"about":[{"href":"https:\/\/gemmaromeu.com\/index.php\/wp-json\/wp\/v2\/types\/page"}],"author":[{"embeddable":true,"href":"https:\/\/gemmaromeu.com\/index.php\/wp-json\/wp\/v2\/users\/1"}],"replies":[{"embeddable":true,"href":"https:\/\/gemmaromeu.com\/index.php\/wp-json\/wp\/v2\/comments?post=237"}],"version-history":[{"count":10,"href":"https:\/\/gemmaromeu.com\/index.php\/wp-json\/wp\/v2\/pages\/237\/revisions"}],"predecessor-version":[{"id":830,"href":"https:\/\/gemmaromeu.com\/index.php\/wp-json\/wp\/v2\/pages\/237\/revisions\/830"}],"wp:attachment":[{"href":"https:\/\/gemmaromeu.com\/index.php\/wp-json\/wp\/v2\/media?parent=237"}],"curies":[{"name":"wp","href":"https:\/\/api.w.org\/{rel}","templated":true}]}}